). Suppose -10 = 2*h - 7*h. What is the greatest common divisor of h and z?
1
Suppose -z - 8 = -109. Let x = z + 67. Calculate the highest common divisor of 24 and x.
24
Let y = 36 - 24. Let o be ((44/(-8))/(-11))/(((-12)/(-64))/3). What is the greatest common divisor of y and o?
4
Suppose -98*h + 103*h + 394 = 4*i, -h = 2*i - 190. What is the highest common divisor of i and 408?
24
Let o be 2*(-41)/(-5) - 8/20. Let k = o + -4. Calculate the highest common divisor of k and 108.
12
Let s = 26 - 25. Let f be (1*-12)/(-4) - 0. Suppose -p + 20 = f*p. Calculate the highest common factor of p and s.
1
Let y be 170/45 - (-2)/9. Suppose 300 = 5*w + 5*x, -2*x = -w + y*w - 184. Suppose -6*q + w = -2*q. Calculate the greatest common divisor of 8 and q.
8
Let c be 4 - (-9 + -3 + -164). What is the greatest common divisor of c and 24?
12
Suppose -10 = 5*q, q = 2*c - 0*q - 78. Let y = -37 + c. What is the greatest common divisor of y and 7?
1
Let c = -864 - -981. Calculate the highest common factor of 13 and c.
13
Suppose -5*u = 3*q - 14 - 126, 0 = -2*q. Let g = 76 - u. What is the highest common factor of 6 and g?
6
Let r be (-114)/(-21) + (-44)/(-77). Suppose 3*y + 35 = 1547. Suppose y - 1560 = -r*z. What is the highest common divisor of 16 and z?
16
Suppose -4*r + 8*b = 4*b - 304, -2*r - b = -140. Let x = r + 8. What is the highest common factor of 20 and x?
20
Let r = 65 - 67. Let a = 43 - r. Calculate the greatest common divisor of a and 15.
15
Suppose 0*j - 50 = -k + j, -50 = -k - j. Suppose -2*y - 5*u = -165, 6*y - 7*y + 5*u = -60. What is the greatest common divisor of k and y?
25
Suppose 3*h - 5*h = -6. Suppose -261 = -3*q + 3*f, h*q + 0*q - 259 = f. Let o = -60 + q. Calculate the greatest common factor of o and 65.
13
Suppose 5*s + 5*i - 95 = 0, 3*s + s - i = 71. What is the greatest common factor of 6 and s?
6
Let s(r) = r**3 - 14*r**2 + 29*r + 8. Let c be s(12). What is the highest common divisor of c and 102?
34
Let n be (-3)/(45/(-530))*9. Calculate the highest common divisor of 42 and n.
6
Let b be 8/(-2) + 17 + -8. Suppose -5*a + 5 = -5*m, a + 2*m + b - 12 = 0. What is the greatest common divisor of a and 3?
3
Let k = -237 - -261. Let w = 893 - 629. What is the highest common divisor of w and k?
24
Suppose -2477 = -2*i - 3*b, -3*i + 20*b = 15*b - 3763. What is the highest common divisor of 14 and i?
14
Let p(n) = 4 - 4*n**3 + 273*n**2 - 5*n**3 - 276*n**2. Let w be p(-3). Calculate the greatest common divisor of 20 and w.
20
Suppose 4*i = 3*q - 205 - 49, 256 = 3*q - 5*i. Let u = q - 46. Calculate the greatest common divisor of u and 24.
12
Suppose -2*n = 17*n - 912. Let b = -44 - -60. What is the highest common divisor of n and b?
16
Suppose 6*v - 1855 + 631 = 0. Calculate the highest common factor of 48 and v.
12
Suppose -17*q = 2*q + 19. Let s(b) = -88*b - 4. Let o be s(q). What is the greatest common factor of o and 24?
12
Suppose 0 = -11*n - 9*n + 360. What is the greatest common factor of n and 42?
6
Let g be 0 + -1 + (-3)/(-1). Let v be (-72)/(-32)*(-16)/(-6). Calculate the highest common divisor of g and v.
2
Suppose 0 = 5*b - 2*i - 30 - 48, 32 = 2*b - i. Let r = 229 - 117. Calculate the greatest common divisor of b and r.
14
Suppose -4*v - 141 = -381. Let f be (-2)/(-4)*-3*-8. What is the greatest common divisor of v and f?
12
Let t(p) = p**3 - 3*p**2 + p + 56. Let m be t(8). What is the highest common divisor of m and 48?
48
Let y be 2/2 + 2 + 1. Suppose -y*z - 5 = -3*z + 3*n, z = -2*n - 1. What is the greatest common divisor of 7 and z?
7
Let l be 3/7 - (-184)/28. Let o(x) = -x + 16. Let v be o(l). Let f(r) = r**3 - 4*r + 3. Let z be f(3). What is the greatest common factor of v and z?
9
Suppose 703 = 32*g - 12929. Calculate the greatest common divisor of 4 and g.
2
Let x be (4 - 60/9)*3. Let v(q) = q**2 + 4*q - 5. Let t be v(x). Calculate the greatest common divisor of t and 3.
3
Let z = -366 - -219. Let m = -56 - z. Let v = m - 46. Calculate the highest common divisor of 15 and v.
15
Let x = -519 + 529. Let s = -5 + 2. Let i(a) = -2*a**3 + 3*a**2 - 1. Let o be i(s). Calculate the highest common factor of x and o.
10
Let c(n) = -2*n**2 - 60*n - 53. Let p be c(-29). Calculate the greatest common divisor of 3 and p.
1
Let q be 5*(-1)/((-25)/105). Let y be q/2 - (-4)/8. What is the highest common factor of 55 and y?
11
Let f = 985 - 152. What is the highest common factor of 17 and f?
17
Let l(w) = -w**3 - 4*w**2 + 3*w + 17. Let d be l(-4). What is the highest common factor of d and 5?
5
Let d(f) = -18*f + 6. Let n(u) = 19*u - 5. Let a(o) = 2*d(o) + 3*n(o). Let y be a(4). What is the highest common divisor of y and 9?
9
Let r = -23 - -43. Let b be -16 - (1 + -2 + -3). Let y = b + r. Calculate the highest common divisor of y and 20.
4
Let c(t) = -6*t**3 + t. Let z be c(-1). Let y be 5 + 3 + (-2 - 1). Suppose -y*h - z = -0*h, -3*g + 206 = -2*h. Calculate the highest common divisor of 17 and g.
17
Suppose 75 = 3*s - 5*u, 3*u + 0*u = 5*s - 141. Calculate the greatest common divisor of s and 480.
30
Suppose 7*d - 5*k - 18 = 4*d, 0 = -2*d + 3*k + 11. What is the highest common factor of d and 45?
1
Suppose 2*w + 2*w = 8. Suppose 6 = w*k + k. Let n be (-8 - -19) + (-6)/(-6). What is the highest common factor of n and k?
2
Let o(v) = 9*v - 18. Let g be o(6). Let m be (-3 - 15/(-3))/((-5)/(-150)). What is the greatest common divisor of m and g?
12
Suppose -4 = -10*a + 16. Let d be (2 + 1)*(6 + 1). Suppose -x + 2*b = -36, 0 = -a*x - 3*b + 79 - d. Calculate the greatest common factor of 48 and x.
16
Let z = -1 + 3. Let u be (2 + -1)/z*48. Suppose -4*f + 18 = -f. Calculate the greatest common factor of u and f.
6
Suppose -108 = 5*t - 33. Let m = -12 - t. Calculate the highest common divisor of m and 9.
3
Let g = -394 - -423. What is the greatest common factor of g and 261?
29
Let x = 22 - 17. Let k(d) = d**2 - 3*d + 1. Let j be k(x). Calculate the greatest common factor of 11 and j.
11
Suppose 4*s - 5*b = -8 + 23, b + 45 = 5*s. Suppose -29 = -4*q + 11. Let j = q + s. Calculate the highest common factor of j and 10.
10
Let d be (-34)/(-51) + (-4)/6. Suppose -t + 6*t - 130 = d. Suppose -t = -6*j + 262. What is the highest common divisor of 16 and j?
16
Let y(d) = -d**3 + 8*d**2 + 5. Let f be y(8). Suppose 150 = f*i - 60. Suppose -h = v - 105, 0 = 5*h - 0*h. What is the highest common factor of i and v?
21
Let n = -977 + 1015. Calculate the greatest common divisor of n and 1178.
38
Suppose -17*n = -66*n + 13965. What is the highest common divisor of 760 and n?
95
Let a(m) = 2*m + 246. Let h be a(-18). What is the greatest common divisor of 18 and h?
6
Let z(a) = a - 2. Let m be z(-1). Let y be (-3304)/(-32) + m/(-4). Calculate the highest common factor of 13 and y.
13
Let h be (-4)/12 - 280/(-3). Suppose 0 = -a - 13 + h. What is the greatest common divisor of a and 20?
20
Let u be (-57)/(-6) - 4/8. Suppose -66 = -10*t + u*t. Calculate the highest common divisor of t and 33.
33
Suppose 0 = -2*t + 3*u + 54, -7*u + 88 = 4*t - 3*u. Calculate the greatest common divisor of t and 156.
12
Suppose 7*s + 47 = 5*q + 9*s, -4*s + 28 = 4*q. Calculate the greatest common divisor of 44 and q.
11
Suppose 0 = -3*c + 5*z - 4*z + 49, 4*c - 61 = -3*z. Suppose -3*m + 394 = 2*w, 3*w = 6*m - 4*m - 241. What is the greatest common factor of c and m?
16
Let x = -293 - -446. Calculate the highest common divisor of 17 and x.
17
Suppose -2*a - 25 = -3*a - b, 2*b = 3*a - 50. Suppose 3*t - 21 = 24. Let x = t - 10. What is the highest common factor of a and x?
5
Let l = -64 + 180. Let y be -4 + (-8)/(-1) + l. Calculate the greatest common factor of 48 and y.
24
Suppose 13*i = 3461 - 1173. Suppose -5*t + 5*d - 100 = 0, 0 = -5*t - 3*d + 5*d - 85. Let s be (0 - 1)*(t + -1). Calculate the highest common factor of s and i.
16
Suppose 11722 = 5*v + 2*h, -77*v - 9372 = -81*v + 4*h. Calculate the greatest common factor of v and 8.
8
Let u(y) = y**2 - 26*y - 60. Let w be u(30). Calculate the highest common divisor of w and 420.
60
Let d = 10 - 6. Let y(b) = b**3 - 10*b**2 - 9*b - 10. Let f be y(11). What is the highest common divisor of f and d?
4
Suppose 10*l - 49 = 21. Suppose -l*p = -0*p - 49. Calculate the highest common divisor of 77 and p.
7
Suppose 5*d = 7*d - 4. Suppose 0 = -0